[INFO] cloning repository https://github.com/damody/beanstalkd_protobuff_example
[INFO] running `Command { std: "git" "-c" "credential.helper=" "-c" "credential.helper=/workspace/cargo-home/bin/git-credential-null" "clone" "--bare" "https://github.com/damody/beanstalkd_protobuff_example" "/workspace/cache/git-repos/https%3A%2F%2Fgithub.com%2Fdamody%2Fbeanstalkd_protobuff_example", kill_on_drop: false }`
[INFO] [stderr] Cloning into bare repository '/workspace/cache/git-repos/https%3A%2F%2Fgithub.com%2Fdamody%2Fbeanstalkd_protobuff_example'...
[INFO] running `Command { std: "git" "rev-parse" "HEAD", kill_on_drop: false }`
[INFO] [stdout] f979dd0ab2e2491237aa917018ac3e54f20d6329
[INFO] checking damody/beanstalkd_protobuff_example against try#72f88fc4e9458f89516a0b8b0868f3718aec5b47 for pr-74989
[INFO] running `Command { std: "git" "clone" "/workspace/cache/git-repos/https%3A%2F%2Fgithub.com%2Fdamody%2Fbeanstalkd_protobuff_example" "/workspace/builds/worker-5/source", kill_on_drop: false }`
[INFO] [stderr] Cloning into '/workspace/builds/worker-5/source'...
[INFO] [stderr] done.
[INFO] validating manifest of git repo https://github.com/damody/beanstalkd_protobuff_example on toolchain 72f88fc4e9458f89516a0b8b0868f3718aec5b47
[INFO] running `Command { std: "/workspace/cargo-home/bin/cargo" "+72f88fc4e9458f89516a0b8b0868f3718aec5b47" "read-manifest" "--manifest-path" "Cargo.toml", kill_on_drop: false }`
[INFO] started tweaking git repo https://github.com/damody/beanstalkd_protobuff_example
[INFO] removed path dependency beanstalkd from git repo https://github.com/damody/beanstalkd_protobuff_example
[INFO] finished tweaking git repo https://github.com/damody/beanstalkd_protobuff_example
[INFO] tweaked toml for git repo https://github.com/damody/beanstalkd_protobuff_example written to /workspace/builds/worker-5/source/Cargo.toml
[INFO] crate git repo https://github.com/damody/beanstalkd_protobuff_example already has a lockfile, it will not be regenerated
[INFO] running `Command { std: "/workspace/cargo-home/bin/cargo" "+72f88fc4e9458f89516a0b8b0868f3718aec5b47" "fetch" "--locked" "--manifest-path" "Cargo.toml", kill_on_drop: false }`
[INFO] [stderr] warning: dependency (beanstalkd) specified without providing a local path, Git repository, or version to use. This will be considered an error in future versions
[INFO] [stderr]     Updating crates.io index
[INFO] [stderr] error: the lock file /workspace/builds/worker-5/source/Cargo.lock needs to be updated but --locked was passed to prevent this
[INFO] [stderr] If you want to try to generate the lock file without accessing the network, use the --offline flag.
[INFO] the lockfile is outdated, regenerating it
[INFO] running `Command { std: "/workspace/cargo-home/bin/cargo" "+72f88fc4e9458f89516a0b8b0868f3718aec5b47" "generate-lockfile" "--manifest-path" "Cargo.toml" "-Zno-index-update", kill_on_drop: false }`
[INFO] running `Command { std: "/workspace/cargo-home/bin/cargo" "+72f88fc4e9458f89516a0b8b0868f3718aec5b47" "fetch" "--locked" "--manifest-path" "Cargo.toml", kill_on_drop: false }`
[INFO] [stderr] warning: dependency (beanstalkd) specified without providing a local path, Git repository, or version to use. This will be considered an error in future versions
[INFO] [stderr]  Downloading crates ...
[INFO] [stderr]   Downloaded curl v0.4.33
[INFO] [stderr]   Downloaded hlua v0.3.1
[INFO] [stderr]   Downloaded lua52-sys v0.1.2
[INFO] [stderr]   Downloaded subprocess v0.1.20
[INFO] [stderr]   Downloaded smallvec v0.3.4
[INFO] [stderr]   Downloaded simplelog v0.5.3
[INFO] [stderr]   Downloaded curl-sys v0.4.36+curl-7.71.1
[INFO] [stderr]   Downloaded beanstalkd v0.4.1
[INFO] [stderr]   Downloaded quick-protobuf v0.6.4
[INFO] [stderr]   Downloaded multiqueue v0.3.2
[INFO] [stderr]   Downloaded rust-ini v0.10.3
[INFO] [stderr]   Downloaded text_io v0.1.8
[INFO] running `Command { std: "docker" "create" "-v" "/var/lib/crater-agent-workspace/builds/worker-5/target:/opt/rustwide/target:rw,Z" "-v" "/var/lib/crater-agent-workspace/builds/worker-5/source:/opt/rustwide/workdir:ro,Z" "-v" "/var/lib/crater-agent-workspace/cargo-home:/opt/rustwide/cargo-home:ro,Z" "-v" "/var/lib/crater-agent-workspace/rustup-home:/opt/rustwide/rustup-home:ro,Z" "-e" "SOURCE_DIR=/opt/rustwide/workdir" "-e" "CARGO_TARGET_DIR=/opt/rustwide/target" "-e" "CARGO_HOME=/opt/rustwide/cargo-home" "-e" "RUSTUP_HOME=/opt/rustwide/rustup-home" "-w" "/opt/rustwide/workdir" "-m" "1610612736" "--user" "0:0" "--network" "none" "rustops/crates-build-env@sha256:d92eaeed33fa75130ca1ee6c8a01d1ffb62bac859dfdfb3450e3e5d1c0146529" "/opt/rustwide/cargo-home/bin/cargo" "+72f88fc4e9458f89516a0b8b0868f3718aec5b47" "metadata" "--no-deps" "--format-version=1", kill_on_drop: false }`
[INFO] [stdout] 478a2be67c22223e14506d5dd149bb80066aa6509db3db9e7f5e8b55070ec681
[INFO] [stderr] WARNING: Your kernel does not support swap limit capabilities or the cgroup is not mounted. Memory limited without swap.
[INFO] running `Command { std: "docker" "start" "-a" "478a2be67c22223e14506d5dd149bb80066aa6509db3db9e7f5e8b55070ec681", kill_on_drop: false }`
[INFO] running `Command { std: "docker" "inspect" "478a2be67c22223e14506d5dd149bb80066aa6509db3db9e7f5e8b55070ec681", kill_on_drop: false }`
[INFO] running `Command { std: "docker" "rm" "-f" "478a2be67c22223e14506d5dd149bb80066aa6509db3db9e7f5e8b55070ec681", kill_on_drop: false }`
[INFO] [stdout] 478a2be67c22223e14506d5dd149bb80066aa6509db3db9e7f5e8b55070ec681
[INFO] running `Command { std: "docker" "create" "-v" "/var/lib/crater-agent-workspace/builds/worker-5/target:/opt/rustwide/target:rw,Z" "-v" "/var/lib/crater-agent-workspace/builds/worker-5/source:/opt/rustwide/workdir:ro,Z" "-v" "/var/lib/crater-agent-workspace/cargo-home:/opt/rustwide/cargo-home:ro,Z" "-v" "/var/lib/crater-agent-workspace/rustup-home:/opt/rustwide/rustup-home:ro,Z" "-e" "SOURCE_DIR=/opt/rustwide/workdir" "-e" "CARGO_TARGET_DIR=/opt/rustwide/target" "-e" "CARGO_INCREMENTAL=0" "-e" "RUST_BACKTRACE=full" "-e" "RUSTFLAGS=--cap-lints=forbid" "-e" "CARGO_HOME=/opt/rustwide/cargo-home" "-e" "RUSTUP_HOME=/opt/rustwide/rustup-home" "-w" "/opt/rustwide/workdir" "-m" "1610612736" "--user" "0:0" "--network" "none" "rustops/crates-build-env@sha256:d92eaeed33fa75130ca1ee6c8a01d1ffb62bac859dfdfb3450e3e5d1c0146529" "/opt/rustwide/cargo-home/bin/cargo" "+72f88fc4e9458f89516a0b8b0868f3718aec5b47" "check" "--frozen" "--all" "--all-targets" "--message-format=json", kill_on_drop: false }`
[INFO] [stderr] WARNING: Your kernel does not support swap limit capabilities or the cgroup is not mounted. Memory limited without swap.
[INFO] [stdout] 0720dee91eefe925e3d895cd0d1372f8c17fb62bbb6a9f1e072d8a1d6d4c8e86
[INFO] running `Command { std: "docker" "start" "-a" "0720dee91eefe925e3d895cd0d1372f8c17fb62bbb6a9f1e072d8a1d6d4c8e86", kill_on_drop: false }`
[INFO] [stderr] warning: dependency (beanstalkd) specified without providing a local path, Git repository, or version to use. This will be considered an error in future versions
[INFO] [stderr]    Compiling rand_core v0.4.2
[INFO] [stderr]    Compiling autocfg v0.1.7
[INFO] [stderr]    Compiling unicode-xid v0.2.1
[INFO] [stderr]    Compiling siphasher v0.2.3
[INFO] [stderr]    Compiling serde v1.0.116
[INFO] [stderr]     Checking cfg-if v0.1.10
[INFO] [stderr]    Compiling ryu v1.0.5
[INFO] [stderr]    Compiling serde_json v1.0.57
[INFO] [stderr]    Compiling unicode-xid v0.1.0
[INFO] [stderr]     Checking lazy_static v1.4.0
[INFO] [stderr]    Compiling syn v0.15.44
[INFO] [stderr]    Compiling failure_derive v0.1.8
[INFO] [stderr]     Checking matches v0.1.8
[INFO] [stderr]    Compiling gcc v0.3.55
[INFO] [stderr]    Compiling regex v0.2.11
[INFO] [stderr]     Checking owning_ref v0.2.4
[INFO] [stderr]     Checking ucd-util v0.1.8
[INFO] [stderr]     Checking bit-vec v0.6.2
[INFO] [stderr]    Compiling curl v0.4.33
[INFO] [stderr]     Checking futures v0.1.29
[INFO] [stderr]     Checking crossbeam v0.2.12
[INFO] [stderr]     Checking percent-encoding v1.0.1
[INFO] [stderr]     Checking itoa v0.4.6
[INFO] [stderr]     Checking utf8-ranges v1.0.4
[INFO] [stderr]     Checking text_io v0.1.8
[INFO] [stderr]     Checking strfmt v0.1.6
[INFO] [stderr]     Checking rust-ini v0.10.3
[INFO] [stderr]    Compiling proc-macro2 v1.0.21
[INFO] [stderr]    Compiling openssl-sys v0.9.58
[INFO] [stderr]    Compiling libz-sys v1.1.2
[INFO] [stderr]    Compiling miniz_oxide v0.4.2
[INFO] [stderr]    Compiling curl-sys v0.4.36+curl-7.71.1
[INFO] [stderr]    Compiling lua52-sys v0.1.2
[INFO] [stderr]    Compiling serde_derive v1.0.116
[INFO] [stderr]    Compiling log v0.4.11
[INFO] [stderr]     Checking futf v0.1.4
[INFO] [stderr]     Checking unicode-normalization v0.1.13
[INFO] [stderr]    Compiling maybe-uninit v2.0.0
[INFO] [stderr]     Checking addr2line v0.13.0
[INFO] [stderr]     Checking unicode-bidi v0.3.4
[INFO] [stderr]     Checking thread_local v0.3.6
[INFO] [stderr]    Compiling phf_shared v0.7.24
[INFO] [stderr]     Checking beanstalkd v0.4.1
[INFO] [stderr]    Compiling rand_core v0.3.1
[INFO] [stderr]    Compiling rand_jitter v0.1.4
[INFO] [stderr]     Checking regex-syntax v0.5.6
[INFO] [stderr]     Checking bit-set v0.5.2
[INFO] [stderr]    Compiling libc v0.2.77
[INFO] [stderr]    Compiling proc-macro2 v0.4.30
[INFO] [stderr]    Compiling rand_chacha v0.1.1
[INFO] [stderr]    Compiling rand_pcg v0.1.2
[INFO] [stderr]    Compiling rand v0.6.5
[INFO] [stderr]     Checking tendril v0.4.1
[INFO] [stderr]     Checking phf v0.7.24
[INFO] [stderr]     Checking time v0.1.44
[INFO] [stderr]     Checking thread-id v3.3.0
[INFO] [stderr]     Checking dirs v1.0.5
[INFO] [stderr]     Checking socket2 v0.3.15
[INFO] [stderr]     Checking subprocess v0.1.20
[INFO] [stderr]    Compiling rand_isaac v0.1.1
[INFO] [stderr]    Compiling rand_xorshift v0.1.1
[INFO] [stderr]    Compiling rand_hc v0.1.0
[INFO] [stderr]     Checking aho-corasick v0.6.10
[INFO] [stderr]     Checking smallvec v0.6.13
[INFO] [stderr]     Checking rand v0.3.23
[INFO] [stderr]     Checking num-traits v0.1.43
[INFO] [stderr]     Checking term v0.5.2
[INFO] [stderr]    Compiling quote v1.0.7
[INFO] [stderr]    Compiling quote v0.6.13
[INFO] [stderr]    Compiling rand_os v0.1.3
[INFO] [stderr]     Checking idna v0.1.5
[INFO] [stderr]    Compiling rust-crypto v0.2.36
[INFO] [stderr]     Checking chrono v0.4.15
[INFO] [stderr]     Checking enum_primitive v0.1.1
[INFO] [stderr]     Checking parking_lot_core v0.2.14
[INFO] [stderr]    Compiling syn v1.0.40
[INFO] [stderr]     Checking backtrace v0.3.50
[INFO] [stderr]     Checking url v1.7.2
[INFO] [stderr]     Checking parking_lot v0.3.8
[INFO] [stderr]     Checking multiqueue v0.3.2
[INFO] [stderr]     Checking simplelog v0.5.3
[INFO] [stderr]    Compiling phf_generator v0.7.24
[INFO] [stderr]    Compiling string_cache_codegen v0.4.4
[INFO] [stderr]    Compiling phf_codegen v0.7.24
[INFO] [stderr]     Checking hlua v0.3.1
[INFO] [stderr]    Compiling string_cache v0.7.5
[INFO] [stderr]    Compiling synstructure v0.12.4
[INFO] [stderr]     Checking failure v0.1.8
[INFO] [stderr]     Checking quick-protobuf v0.6.4
[INFO] [stderr]    Compiling html5ever v0.23.0
[INFO] [stderr]    Compiling markup5ever v0.8.1
[INFO] [stderr]     Checking select v0.4.3
[INFO] [stderr]     Checking rust-odemcd v0.1.0 (/opt/rustwide/workdir)
[INFO] [stdout] warning: unused import: `jobf::*`
[INFO] [stdout]  --> src/main.rs:6:5
[INFO] [stdout]   |
[INFO] [stdout] 6 | use jobf::*;
[INFO] [stdout]   |     ^^^^^^^
[INFO] [stdout]   |
[INFO] [stdout]   = note: `#[warn(unused_imports)]` on by default
[INFO] [stdout] 
[INFO] [stdout] 
[INFO] [stdout] warning: unused imports: `Attr`, `Predicate`
[INFO] [stdout]   --> src/work.rs:19:31
[INFO] [stdout]    |
[INFO] [stdout] 19 | use self::select::predicate::{Predicate, Attr, Class, Name};
[INFO] [stdout]    |                               ^^^^^^^^^  ^^^^
[INFO] [stdout] 
[INFO] [stdout] 
[INFO] [stdout] warning: unused import: `std::env`
[INFO] [stdout]   --> src/work.rs:27:5
[INFO] [stdout]    |
[INFO] [stdout] 27 | use std::env;
[INFO] [stdout]    |     ^^^^^^^^
[INFO] [stdout] 
[INFO] [stdout] 
[INFO] [stdout] warning: trait objects without an explicit `dyn` are deprecated
[INFO] [stdout]    --> src/work.rs:320:86
[INFO] [stdout]     |
[INFO] [stdout] 320 | fn verify_version(ap_version:&String, gw_support_version:&String) -> Result<i32, Box<Error>> {
[INFO] [stdout]     |                                                                                      ^^^^^ help: use `dyn`: `dyn Error`
[INFO] [stdout]     |
[INFO] [stdout]     = note: `#[warn(bare_trait_objects)]` on by default
[INFO] [stdout] 
[INFO] [stdout] 
[INFO] [stdout] warning: trait objects without an explicit `dyn` are deprecated
[INFO] [stdout]    --> src/work.rs:338:60
[INFO] [stdout]     |
[INFO] [stdout] 338 | pub fn discover_verify(dev:&DeviceInfo) -> Result<i32, Box<Error>> {
[INFO] [stdout]     |                                                            ^^^^^ help: use `dyn`: `dyn Error`
[INFO] [stdout] 
[INFO] [stdout] 
[INFO] [stdout] warning: trait objects without an explicit `dyn` are deprecated
[INFO] [stdout]    --> src/work.rs:373:56
[INFO] [stdout]     |
[INFO] [stdout] 373 | pub fn open_capwap(dev:&DeviceInfo) -> Result<i32, Box<Error>> {
[INFO] [stdout]     |                                                        ^^^^^ help: use `dyn`: `dyn Error`
[INFO] [stdout] 
[INFO] [stdout] 
[INFO] [stdout] warning: unnecessary trailing semicolon
[INFO] [stdout]    --> src/work.rs:376:79
[INFO] [stdout]     |
[INFO] [stdout] 376 |     encode_psw.extend(form_urlencoded::byte_serialize(dev.passwd.as_bytes()));;
[INFO] [stdout]     |                                                                               ^ help: remove this semicolon
[INFO] [stdout]     |
[INFO] [stdout]     = note: `#[warn(redundant_semicolons)]` on by default
[INFO] [stdout] 
[INFO] [stdout] 
[INFO] [stdout] warning: trait objects without an explicit `dyn` are deprecated
[INFO] [stdout]    --> src/work.rs:388:66
[INFO] [stdout]     |
[INFO] [stdout] 388 | pub fn open_tunnel_interface(dev:&DeviceInfo) -> Result<i32, Box<Error>> {
[INFO] [stdout]     |                                                                  ^^^^^ help: use `dyn`: `dyn Error`
[INFO] [stdout] 
[INFO] [stdout] 
[INFO] [stdout] warning: trait objects without an explicit `dyn` are deprecated
[INFO] [stdout]    --> src/work.rs:400:108
[INFO] [stdout]     |
[INFO] [stdout] 400 | pub fn apply_template(dev:&DeviceInfo, tpl:i32, group:&str, oid:&str, chip_vendor:&str) -> Result<i32, Box<Error>> {
[INFO] [stdout]     |                                                                                                            ^^^^^ help: use `dyn`: `dyn Error`
[INFO] [stdout] 
[INFO] [stdout] 
[INFO] [stdout] warning: trait objects without an explicit `dyn` are deprecated
[INFO] [stdout]    --> src/work.rs:433:63
[INFO] [stdout]     |
[INFO] [stdout] 433 | pub fn device_wall_garden(dev:&DeviceInfo) -> Result<i32, Box<Error>> {
[INFO] [stdout]     |                                                               ^^^^^ help: use `dyn`: `dyn Error`
[INFO] [stdout] 
[INFO] [stdout] 
[INFO] [stdout] warning: trait objects without an explicit `dyn` are deprecated
[INFO] [stdout]    --> src/work.rs:452:58
[INFO] [stdout]     |
[INFO] [stdout] 452 | pub fn device_config(dev:&DeviceInfo) -> Result<i32, Box<Error>> {
[INFO] [stdout]     |                                                          ^^^^^ help: use `dyn`: `dyn Error`
[INFO] [stdout] 
[INFO] [stdout] 
[INFO] [stdout] warning: trait objects without an explicit `dyn` are deprecated
[INFO] [stdout]    --> src/work.rs:468:67
[INFO] [stdout]     |
[INFO] [stdout] 468 | pub fn device_change_password(dev:&DeviceInfo) -> Result<i32, Box<Error>> {
[INFO] [stdout]     |                                                                   ^^^^^ help: use `dyn`: `dyn Error`
[INFO] [stdout] 
[INFO] [stdout] 
[INFO] [stdout] warning: trait objects without an explicit `dyn` are deprecated
[INFO] [stdout]    --> src/work.rs:472:59
[INFO] [stdout]     |
[INFO] [stdout] 472 | pub fn device_upgrade(dev:&DeviceInfo) -> Result<i32, Box<Error>> {
[INFO] [stdout]     |                                                           ^^^^^ help: use `dyn`: `dyn Error`
[INFO] [stdout] 
[INFO] [stdout] 
[INFO] [stdout] warning: trait objects without an explicit `dyn` are deprecated
[INFO] [stdout]    --> src/work.rs:476:58
[INFO] [stdout]     |
[INFO] [stdout] 476 | pub fn device_backup(dev:&DeviceInfo) -> Result<i32, Box<Error>> {
[INFO] [stdout]     |                                                          ^^^^^ help: use `dyn`: `dyn Error`
[INFO] [stdout] 
[INFO] [stdout] 
[INFO] [stdout] warning: trait objects without an explicit `dyn` are deprecated
[INFO] [stdout]    --> src/work.rs:480:69
[INFO] [stdout]     |
[INFO] [stdout] 480 | pub fn device_restore_with_file(dev:&DeviceInfo) -> Result<i32, Box<Error>> {
[INFO] [stdout]     |                                                                     ^^^^^ help: use `dyn`: `dyn Error`
[INFO] [stdout] 
[INFO] [stdout] 
[INFO] [stdout] warning: trait objects without an explicit `dyn` are deprecated
[INFO] [stdout]    --> src/work.rs:484:59
[INFO] [stdout]     |
[INFO] [stdout] 484 | pub fn device_restore(dev:&DeviceInfo) -> Result<i32, Box<Error>> {
[INFO] [stdout]     |                                                           ^^^^^ help: use `dyn`: `dyn Error`
[INFO] [stdout] 
[INFO] [stdout] 
[INFO] [stdout] warning: trait objects without an explicit `dyn` are deprecated
[INFO] [stdout]    --> src/work.rs:488:60
[INFO] [stdout]     |
[INFO] [stdout] 488 | pub fn device_set_name(dev:&DeviceInfo) -> Result<i32, Box<Error>> {
[INFO] [stdout]     |                                                            ^^^^^ help: use `dyn`: `dyn Error`
[INFO] [stdout] 
[INFO] [stdout] 
[INFO] [stdout] warning: trait objects without an explicit `dyn` are deprecated
[INFO] [stdout]    --> src/work.rs:492:63
[INFO] [stdout]     |
[INFO] [stdout] 492 | pub fn device_set_txpower(dev:&DeviceInfo) -> Result<i32, Box<Error>> {
[INFO] [stdout]     |                                                               ^^^^^ help: use `dyn`: `dyn Error`
[INFO] [stdout] 
[INFO] [stdout] 
[INFO] [stdout] warning: trait objects without an explicit `dyn` are deprecated
[INFO] [stdout]   --> src/web.rs:86:56
[INFO] [stdout]    |
[INFO] [stdout] 86 | pub fn get_http(webpath:&String) -> Result<String, Box<Error>> {
[INFO] [stdout]    |                                                        ^^^^^ help: use `dyn`: `dyn Error`
[INFO] [stdout] 
[INFO] [stdout] 
[INFO] [stdout] warning: trait objects without an explicit `dyn` are deprecated
[INFO] [stdout]    --> src/web.rs:118:81
[INFO] [stdout]     |
[INFO] [stdout] 118 | pub fn upload_wallgarden(dev:&DeviceInfo, file_path:&String) -> Result<i32, Box<Error>> {
[INFO] [stdout]     |                                                                                 ^^^^^ help: use `dyn`: `dyn Error`
[INFO] [stdout] 
[INFO] [stdout] 
[INFO] [stdout] warning: unused imports: `Arc`, `Mutex`, `RwLock`, `mpsc`
[INFO] [stdout]   --> src/main.rs:31:17
[INFO] [stdout]    |
[INFO] [stdout] 31 | use std::sync::{mpsc, Arc, Mutex, RwLock};
[INFO] [stdout]    |                 ^^^^  ^^^  ^^^^^  ^^^^^^
[INFO] [stdout] 
[INFO] [stdout] 
[INFO] [stdout] warning: unused imports: `Receiver`, `Sender`
[INFO] [stdout]   --> src/main.rs:32:23
[INFO] [stdout]    |
[INFO] [stdout] 32 | use std::sync::mpsc::{Sender, Receiver};
[INFO] [stdout]    |                       ^^^^^^  ^^^^^^^^
[INFO] [stdout] 
[INFO] [stdout] 
[INFO] [stdout] warning: unused import: `process`
[INFO] [stdout]   --> src/main.rs:33:11
[INFO] [stdout]    |
[INFO] [stdout] 33 | use std::{process, thread};
[INFO] [stdout]    |           ^^^^^^^
[INFO] [stdout] 
[INFO] [stdout] 
[INFO] [stdout] warning: unused import: `std::borrow::Cow`
[INFO] [stdout]   --> src/main.rs:37:5
[INFO] [stdout]    |
[INFO] [stdout] 37 | use std::borrow::Cow;
[INFO] [stdout]    |     ^^^^^^^^^^^^^^^^
[INFO] [stdout] 
[INFO] [stdout] 
[INFO] [stdout] warning: unused import: `quick_protobuf::Writer`
[INFO] [stdout]   --> src/main.rs:38:5
[INFO] [stdout]    |
[INFO] [stdout] 38 | use quick_protobuf::Writer;
[INFO] [stdout]    |     ^^^^^^^^^^^^^^^^^^^^^^
[INFO] [stdout] 
[INFO] [stdout] 
[INFO] [stdout] warning: unused import: `quick_protobuf::Reader`
[INFO] [stdout]   --> src/main.rs:39:5
[INFO] [stdout]    |
[INFO] [stdout] 39 | use quick_protobuf::Reader;
[INFO] [stdout]    |     ^^^^^^^^^^^^^^^^^^^^^^
[INFO] [stdout] 
[INFO] [stdout] 
[INFO] [stdout] warning: unused `#[macro_use]` import
[INFO] [stdout]   --> src/main.rs:43:1
[INFO] [stdout]    |
[INFO] [stdout] 43 | #[macro_use]
[INFO] [stdout]    | ^^^^^^^^^^^^
[INFO] [stdout] 
[INFO] [stdout] 
[INFO] [stdout] warning: unused import: `serde_json::Value`
[INFO] [stdout]   --> src/main.rs:47:5
[INFO] [stdout]    |
[INFO] [stdout] 47 | use serde_json::Value;
[INFO] [stdout]    |     ^^^^^^^^^^^^^^^^^
[INFO] [stdout] 
[INFO] [stdout] 
[INFO] [stdout] warning: unused import: `hlua::Lua`
[INFO] [stdout]   --> src/main.rs:51:5
[INFO] [stdout]    |
[INFO] [stdout] 51 | use hlua::Lua;
[INFO] [stdout]    |     ^^^^^^^^^
[INFO] [stdout] 
[INFO] [stdout] 
[INFO] [stdout] warning: use of deprecated function `std::thread::sleep_ms`: replaced by `std::thread::sleep`
[INFO] [stdout]    --> src/main.rs:139:21
[INFO] [stdout]     |
[INFO] [stdout] 139 |                     thread::sleep_ms(10);
[INFO] [stdout]     |                     ^^^^^^^^^^^^^^^^
[INFO] [stdout]     |
[INFO] [stdout]     = note: `#[warn(deprecated)]` on by default
[INFO] [stdout] 
[INFO] [stdout] 
[INFO] [stdout] warning: use of deprecated function `std::thread::sleep_ms`: replaced by `std::thread::sleep`
[INFO] [stdout]    --> src/main.rs:175:25
[INFO] [stdout]     |
[INFO] [stdout] 175 |                         thread::sleep_ms(100);
[INFO] [stdout]     |                         ^^^^^^^^^^^^^^^^
[INFO] [stdout] 
[INFO] [stdout] 
[INFO] [stdout] warning: unused imports: `Attr`, `Predicate`
[INFO] [stdout]   --> src/work.rs:19:31
[INFO] [stdout]    |
[INFO] [stdout] 19 | use self::select::predicate::{Predicate, Attr, Class, Name};
[INFO] [stdout]    |                               ^^^^^^^^^  ^^^^
[INFO] [stdout]    |
[INFO] [stdout]    = note: `#[warn(unused_imports)]` on by default
[INFO] [stdout] 
[INFO] [stdout] 
[INFO] [stdout] warning: unused import: `std::env`
[INFO] [stdout]   --> src/work.rs:27:5
[INFO] [stdout]    |
[INFO] [stdout] 27 | use std::env;
[INFO] [stdout]    |     ^^^^^^^^
[INFO] [stdout] 
[INFO] [stdout] 
[INFO] [stdout] warning: trait objects without an explicit `dyn` are deprecated
[INFO] [stdout]    --> src/work.rs:320:86
[INFO] [stdout]     |
[INFO] [stdout] 320 | fn verify_version(ap_version:&String, gw_support_version:&String) -> Result<i32, Box<Error>> {
[INFO] [stdout]     |                                                                                      ^^^^^ help: use `dyn`: `dyn Error`
[INFO] [stdout]     |
[INFO] [stdout]     = note: `#[warn(bare_trait_objects)]` on by default
[INFO] [stdout] 
[INFO] [stdout] 
[INFO] [stdout] warning: trait objects without an explicit `dyn` are deprecated
[INFO] [stdout]    --> src/work.rs:338:60
[INFO] [stdout]     |
[INFO] [stdout] 338 | pub fn discover_verify(dev:&DeviceInfo) -> Result<i32, Box<Error>> {
[INFO] [stdout]     |                                                            ^^^^^ help: use `dyn`: `dyn Error`
[INFO] [stdout] 
[INFO] [stdout] 
[INFO] [stdout] warning: trait objects without an explicit `dyn` are deprecated
[INFO] [stdout]    --> src/work.rs:373:56
[INFO] [stdout]     |
[INFO] [stdout] 373 | pub fn open_capwap(dev:&DeviceInfo) -> Result<i32, Box<Error>> {
[INFO] [stdout]     |                                                        ^^^^^ help: use `dyn`: `dyn Error`
[INFO] [stdout] 
[INFO] [stdout] 
[INFO] [stdout] warning: unnecessary trailing semicolon
[INFO] [stdout]    --> src/work.rs:376:79
[INFO] [stdout]     |
[INFO] [stdout] 376 |     encode_psw.extend(form_urlencoded::byte_serialize(dev.passwd.as_bytes()));;
[INFO] [stdout]     |                                                                               ^ help: remove this semicolon
[INFO] [stdout]     |
[INFO] [stdout]     = note: `#[warn(redundant_semicolons)]` on by default
[INFO] [stdout] 
[INFO] [stdout] 
[INFO] [stdout] warning: trait objects without an explicit `dyn` are deprecated
[INFO] [stdout]    --> src/work.rs:388:66
[INFO] [stdout]     |
[INFO] [stdout] 388 | pub fn open_tunnel_interface(dev:&DeviceInfo) -> Result<i32, Box<Error>> {
[INFO] [stdout]     |                                                                  ^^^^^ help: use `dyn`: `dyn Error`
[INFO] [stdout] 
[INFO] [stdout] 
[INFO] [stdout] warning: trait objects without an explicit `dyn` are deprecated
[INFO] [stdout]    --> src/work.rs:400:108
[INFO] [stdout]     |
[INFO] [stdout] 400 | pub fn apply_template(dev:&DeviceInfo, tpl:i32, group:&str, oid:&str, chip_vendor:&str) -> Result<i32, Box<Error>> {
[INFO] [stdout]     |                                                                                                            ^^^^^ help: use `dyn`: `dyn Error`
[INFO] [stdout] 
[INFO] [stdout] 
[INFO] [stdout] warning: trait objects without an explicit `dyn` are deprecated
[INFO] [stdout]    --> src/work.rs:433:63
[INFO] [stdout]     |
[INFO] [stdout] 433 | pub fn device_wall_garden(dev:&DeviceInfo) -> Result<i32, Box<Error>> {
[INFO] [stdout]     |                                                               ^^^^^ help: use `dyn`: `dyn Error`
[INFO] [stdout] 
[INFO] [stdout] 
[INFO] [stdout] warning: trait objects without an explicit `dyn` are deprecated
[INFO] [stdout]    --> src/work.rs:452:58
[INFO] [stdout]     |
[INFO] [stdout] 452 | pub fn device_config(dev:&DeviceInfo) -> Result<i32, Box<Error>> {
[INFO] [stdout]     |                                                          ^^^^^ help: use `dyn`: `dyn Error`
[INFO] [stdout] 
[INFO] [stdout] 
[INFO] [stdout] warning: trait objects without an explicit `dyn` are deprecated
[INFO] [stdout]    --> src/work.rs:468:67
[INFO] [stdout]     |
[INFO] [stdout] 468 | pub fn device_change_password(dev:&DeviceInfo) -> Result<i32, Box<Error>> {
[INFO] [stdout]     |                                                                   ^^^^^ help: use `dyn`: `dyn Error`
[INFO] [stdout] 
[INFO] [stdout] 
[INFO] [stdout] warning: trait objects without an explicit `dyn` are deprecated
[INFO] [stdout]    --> src/work.rs:472:59
[INFO] [stdout]     |
[INFO] [stdout] 472 | pub fn device_upgrade(dev:&DeviceInfo) -> Result<i32, Box<Error>> {
[INFO] [stdout]     |                                                           ^^^^^ help: use `dyn`: `dyn Error`
[INFO] [stdout] 
[INFO] [stdout] 
[INFO] [stdout] warning: trait objects without an explicit `dyn` are deprecated
[INFO] [stdout]    --> src/work.rs:476:58
[INFO] [stdout]     |
[INFO] [stdout] 476 | pub fn device_backup(dev:&DeviceInfo) -> Result<i32, Box<Error>> {
[INFO] [stdout]     |                                                          ^^^^^ help: use `dyn`: `dyn Error`
[INFO] [stdout] 
[INFO] [stdout] 
[INFO] [stdout] warning: trait objects without an explicit `dyn` are deprecated
[INFO] [stdout]    --> src/work.rs:480:69
[INFO] [stdout]     |
[INFO] [stdout] 480 | pub fn device_restore_with_file(dev:&DeviceInfo) -> Result<i32, Box<Error>> {
[INFO] [stdout]     |                                                                     ^^^^^ help: use `dyn`: `dyn Error`
[INFO] [stdout] 
[INFO] [stdout] 
[INFO] [stdout] warning: trait objects without an explicit `dyn` are deprecated
[INFO] [stdout]    --> src/work.rs:484:59
[INFO] [stdout]     |
[INFO] [stdout] 484 | pub fn device_restore(dev:&DeviceInfo) -> Result<i32, Box<Error>> {
[INFO] [stdout]     |                                                           ^^^^^ help: use `dyn`: `dyn Error`
[INFO] [stdout] 
[INFO] [stdout] 
[INFO] [stdout] warning: trait objects without an explicit `dyn` are deprecated
[INFO] [stdout]    --> src/work.rs:488:60
[INFO] [stdout]     |
[INFO] [stdout] 488 | pub fn device_set_name(dev:&DeviceInfo) -> Result<i32, Box<Error>> {
[INFO] [stdout]     |                                                            ^^^^^ help: use `dyn`: `dyn Error`
[INFO] [stdout] 
[INFO] [stdout] 
[INFO] [stdout] warning: trait objects without an explicit `dyn` are deprecated
[INFO] [stdout]    --> src/work.rs:492:63
[INFO] [stdout]     |
[INFO] [stdout] 492 | pub fn device_set_txpower(dev:&DeviceInfo) -> Result<i32, Box<Error>> {
[INFO] [stdout]     |                                                               ^^^^^ help: use `dyn`: `dyn Error`
[INFO] [stdout] 
[INFO] [stdout] 
[INFO] [stdout] warning: trait objects without an explicit `dyn` are deprecated
[INFO] [stdout]   --> src/web.rs:86:56
[INFO] [stdout]    |
[INFO] [stdout] 86 | pub fn get_http(webpath:&String) -> Result<String, Box<Error>> {
[INFO] [stdout]    |                                                        ^^^^^ help: use `dyn`: `dyn Error`
[INFO] [stdout] 
[INFO] [stdout] 
[INFO] [stdout] warning: trait objects without an explicit `dyn` are deprecated
[INFO] [stdout]    --> src/web.rs:118:81
[INFO] [stdout]     |
[INFO] [stdout] 118 | pub fn upload_wallgarden(dev:&DeviceInfo, file_path:&String) -> Result<i32, Box<Error>> {
[INFO] [stdout]     |                                                                                 ^^^^^ help: use `dyn`: `dyn Error`
[INFO] [stdout] 
[INFO] [stdout] 
[INFO] [stdout] warning: unused imports: `Arc`, `Mutex`, `RwLock`, `mpsc`
[INFO] [stdout]   --> src/main.rs:31:17
[INFO] [stdout]    |
[INFO] [stdout] 31 | use std::sync::{mpsc, Arc, Mutex, RwLock};
[INFO] [stdout]    |                 ^^^^  ^^^  ^^^^^  ^^^^^^
[INFO] [stdout] 
[INFO] [stdout] 
[INFO] [stdout] warning: unused imports: `Receiver`, `Sender`
[INFO] [stdout]   --> src/main.rs:32:23
[INFO] [stdout]    |
[INFO] [stdout] 32 | use std::sync::mpsc::{Sender, Receiver};
[INFO] [stdout]    |                       ^^^^^^  ^^^^^^^^
[INFO] [stdout] 
[INFO] [stdout] 
[INFO] [stdout] warning: unused import: `process`
[INFO] [stdout]   --> src/main.rs:33:11
[INFO] [stdout]    |
[INFO] [stdout] 33 | use std::{process, thread};
[INFO] [stdout]    |           ^^^^^^^
[INFO] [stdout] 
[INFO] [stdout] 
[INFO] [stdout] warning: unused import: `quick_protobuf::Reader`
[INFO] [stdout]   --> src/main.rs:39:5
[INFO] [stdout]    |
[INFO] [stdout] 39 | use quick_protobuf::Reader;
[INFO] [stdout]    |     ^^^^^^^^^^^^^^^^^^^^^^
[INFO] [stdout] 
[INFO] [stdout] 
[INFO] [stdout] warning: unused import: `serde_json::Value`
[INFO] [stdout]   --> src/main.rs:47:5
[INFO] [stdout]    |
[INFO] [stdout] 47 | use serde_json::Value;
[INFO] [stdout]    |     ^^^^^^^^^^^^^^^^^
[INFO] [stdout] 
[INFO] [stdout] 
[INFO] [stdout] warning: unused import: `hlua::Lua`
[INFO] [stdout]   --> src/main.rs:51:5
[INFO] [stdout]    |
[INFO] [stdout] 51 | use hlua::Lua;
[INFO] [stdout]    |     ^^^^^^^^^
[INFO] [stdout] 
[INFO] [stdout] 
[INFO] [stdout] warning: use of deprecated function `std::thread::sleep_ms`: replaced by `std::thread::sleep`
[INFO] [stdout]    --> src/main.rs:139:21
[INFO] [stdout]     |
[INFO] [stdout] 139 |                     thread::sleep_ms(10);
[INFO] [stdout]     |                     ^^^^^^^^^^^^^^^^
[INFO] [stdout]     |
[INFO] [stdout]     = note: `#[warn(deprecated)]` on by default
[INFO] [stdout] 
[INFO] [stdout] 
[INFO] [stdout] warning: use of deprecated function `std::thread::sleep_ms`: replaced by `std::thread::sleep`
[INFO] [stdout]    --> src/main.rs:175:25
[INFO] [stdout]     |
[INFO] [stdout] 175 |                         thread::sleep_ms(100);
[INFO] [stdout]     |                         ^^^^^^^^^^^^^^^^
[INFO] [stdout] 
[INFO] [stdout] 
[INFO] [stdout] error[E0599]: no method named `reserve_with_timeout` found for struct `Beanstalkd` in the current scope
[INFO] [stdout]    --> src/main.rs:147:41
[INFO] [stdout]     |
[INFO] [stdout] 147 |         let (id, mut body) = beanstalkd.reserve_with_timeout(1).unwrap();
[INFO] [stdout]     |                                         ^^^^^^^^^^^^^^^^^^^^ method not found in `Beanstalkd`
[INFO] [stdout] 
[INFO] [stdout] 
[INFO] [stdout] error[E0599]: no method named `reserve_with_timeout` found for struct `Beanstalkd` in the current scope
[INFO] [stdout]    --> src/main.rs:147:41
[INFO] [stdout]     |
[INFO] [stdout] 147 |         let (id, mut body) = beanstalkd.reserve_with_timeout(1).unwrap();
[INFO] [stdout]     |                                         ^^^^^^^^^^^^^^^^^^^^ method not found in `Beanstalkd`
[INFO] [stdout] 
[INFO] [stdout] 
[INFO] [stdout] warning: unreachable expression
[INFO] [stdout]    --> src/main.rs:186:5
[INFO] [stdout]     |
[INFO] [stdout] 146 | /     loop {
[INFO] [stdout] 147 | |         let (id, mut body) = beanstalkd.reserve_with_timeout(1).unwrap();
[INFO] [stdout] 148 | |         
[INFO] [stdout] 149 | |         if body == "TIMED_OUT" {
[INFO] [stdout] ...   |
[INFO] [stdout] 182 | |         }
[INFO] [stdout] 183 | |     }
[INFO] [stdout]     | |_____- any code following this expression is unreachable
[INFO] [stdout] ...
[INFO] [stdout] 186 | /     loop {
[INFO] [stdout] 187 | |         
[INFO] [stdout] 188 | |     }
[INFO] [stdout]     | |_____^ unreachable expression
[INFO] [stdout]     |
[INFO] [stdout]     = note: `#[warn(unreachable_code)]` on by default
[INFO] [stdout] 
[INFO] [stdout] 
[INFO] [stdout] warning: unreachable expression
[INFO] [stdout]    --> src/main.rs:186:5
[INFO] [stdout]     |
[INFO] [stdout] 146 | /     loop {
[INFO] [stdout] 147 | |         let (id, mut body) = beanstalkd.reserve_with_timeout(1).unwrap();
[INFO] [stdout] 148 | |         
[INFO] [stdout] 149 | |         if body == "TIMED_OUT" {
[INFO] [stdout] ...   |
[INFO] [stdout] 182 | |         }
[INFO] [stdout] 183 | |     }
[INFO] [stdout]     | |_____- any code following this expression is unreachable
[INFO] [stdout] ...
[INFO] [stdout] 186 | /     loop {
[INFO] [stdout] 187 | |         
[INFO] [stdout] 188 | |     }
[INFO] [stdout]     | |_____^ unreachable expression
[INFO] [stdout]     |
[INFO] [stdout]     = note: `#[warn(unreachable_code)]` on by default
[INFO] [stdout] 
[INFO] [stdout] 
[INFO] [stdout] error[E0599]: no method named `put_u8` found for struct `Beanstalkd` in the current scope
[INFO] [stdout]    --> src/main.rs:213:16
[INFO] [stdout]     |
[INFO] [stdout] 213 |     beanstalkd.put_u8(&buf, 10000, 0, 60);
[INFO] [stdout]     |                ^^^^^^ method not found in `Beanstalkd`
[INFO] [stdout] 
[INFO] [stdout] 
[INFO] [stdout] error[E0599]: no method named `put_u8` found for struct `Beanstalkd` in the current scope
[INFO] [stdout]    --> src/main.rs:255:16
[INFO] [stdout]     |
[INFO] [stdout] 255 |     beanstalkd.put_u8(&buf, 10000, 0, 60);
[INFO] [stdout]     |                ^^^^^^ method not found in `Beanstalkd`
[INFO] [stdout] 
[INFO] [stdout] 
[INFO] [stdout] error[E0599]: no method named `reserve_with_timeout` found for struct `Beanstalkd` in the current scope
[INFO] [stdout]    --> src/main.rs:288:41
[INFO] [stdout]     |
[INFO] [stdout] 288 |         let (id, mut body) = beanstalkd.reserve_with_timeout(0).unwrap();
[INFO] [stdout]     |                                         ^^^^^^^^^^^^^^^^^^^^ method not found in `Beanstalkd`
[INFO] [stdout] 
[INFO] [stdout] 
[INFO] [stdout] error: aborting due to previous error; 32 warnings emitted
[INFO] [stdout] 
[INFO] [stdout] 
[INFO] [stdout] For more information about this error, try `rustc --explain E0599`.
[INFO] [stdout] 
[INFO] [stdout] error: aborting due to 4 previous errors; 28 warnings emitted
[INFO] [stdout] 
[INFO] [stdout] 
[INFO] [stdout] For more information about this error, try `rustc --explain E0599`.
[INFO] [stdout] 
[INFO] [stderr] error: could not compile `rust-odemcd`.
[INFO] [stderr] 
[INFO] [stderr] To learn more, run the command again with --verbose.
[INFO] [stderr] warning: build failed, waiting for other jobs to finish...
[INFO] [stderr] error: build failed
[INFO] running `Command { std: "docker" "inspect" "0720dee91eefe925e3d895cd0d1372f8c17fb62bbb6a9f1e072d8a1d6d4c8e86", kill_on_drop: false }`
[INFO] running `Command { std: "docker" "rm" "-f" "0720dee91eefe925e3d895cd0d1372f8c17fb62bbb6a9f1e072d8a1d6d4c8e86", kill_on_drop: false }`
[INFO] [stdout] 0720dee91eefe925e3d895cd0d1372f8c17fb62bbb6a9f1e072d8a1d6d4c8e86
